{"id":69,"date":"2023-05-08T18:39:10","date_gmt":"2023-05-08T16:39:10","guid":{"rendered":"https:\/\/beg.thueringer-becken.de\/?page_id=69"},"modified":"2026-04-02T10:27:18","modified_gmt":"2026-04-02T08:27:18","slug":"colibri-wp","status":"publish","type":"page","link":"https:\/\/beg.thueringer-becken.de\/","title":{"rendered":"Front Page"},"content":{"rendered":"<div data-colibri-id=\"69-c1\" class=\"style-194 style-local-69-c1 position-relative\">\n  <!---->\n  <div data-colibri-component=\"section\" data-colibri-id=\"69-c2\" id=\"overlappable\" class=\"h-section h-section-global-spacing d-flex align-items-lg-center align-items-md-center align-items-center style-213 style-local-69-c2 position-relative\">\n    <!---->\n    <!---->\n    <div class=\"h-section-grid-container h-section-boxed-container\">\n      <!---->\n      <div data-colibri-id=\"69-c3\" class=\"h-row-container gutters-row-lg-0 gutters-row-md-0 gutters-row-2 gutters-row-v-lg-0 gutters-row-v-md-0 gutters-row-v-2 style-214 style-local-69-c3 position-relative\">\n        <!---->\n        <div class=\"h-row justify-content-lg-center justify-content-md-center justify-content-center align-items-lg-stretch align-items-md-stretch align-items-stretch gutters-col-lg-0 gutters-col-md-0 gutters-col-2 gutters-col-v-lg-0 gutters-col-v-md-0 gutters-col-v-2\">\n          <!---->\n          <div class=\"h-column h-column-container d-flex h-col-lg-3 h-col-md-3 h-col-12 style-215-outer style-local-69-c4-outer\">\n            <div data-colibri-id=\"69-c4\" class=\"d-flex h-flex-basis h-column__inner h-px-lg-3 h-px-md-3 h-px-2 v-inner-lg-3 v-inner-md-3 v-inner-2 style-215 style-local-69-c4 position-relative\">\n              <!---->\n              <!---->\n              <div class=\"w-100 h-y-container h-column__content h-column__v-align flex-basis-100 align-self-lg-center align-self-md-center align-self-center\">\n                <!---->\n                <div data-colibri-id=\"69-c5\" class=\"h-icon style-216 style-local-69-c5 position-relative h-element\">\n                  <!----><span class=\"h-svg-icon h-icon__icon style-216-icon style-local-69-c5-icon\"><!--Icon by Linea (http:\/\/linea.io)--><svg version=\"1.1\" id=\"Layer_1\" xmlns=\"http:\/\/www.w3.org\/2000\/svg\" xmlns:xlink=\"http:\/\/www.w3.org\/1999\/xlink\" x=\"0px\" y=\"0px\" viewBox=\"0 0 64 64\" enable-background=\"new 0 0 64 64\" xml:space=\"preserve\">\n<g>\n\t<path d=\"M29.695,38l-6.661,24.74l1.776,0.845l26-36L50,26H37.166l3.823-24.848l-1.831-0.69l-23,36L17,38H29.695z M38.291,5.532\n\t\tl-3.279,21.316L36,28h12.044l-21.66,29.991l5.582-20.731L31,36H18.826L38.291,5.532z\"><\/path>\n<\/g>\n<\/svg>\n<\/span><\/div>\n                <div data-colibri-id=\"69-c6\" class=\"h-global-transition-all h-heading style-217 style-local-69-c6 position-relative h-element\">\n                  <!---->\n                  <div class=\"h-heading__outer style-217 style-local-69-c6\">\n                    <!---->\n                    <!---->\n                    <h6 class=\"\">Unser Strom<\/h6>\n                  <\/div>\n                <\/div>\n                <div data-colibri-id=\"69-c7\" class=\"h-text h-text-component style-218 style-local-69-c7 position-relative h-element\">\n                  <!---->\n                  <!---->\n                  <div class=\"\">\n                    <p>Strom ab 19 Cent pro kWh.<\/p>\n                    <p>\n                      <br>\n                    <\/p>\n                  <\/div>\n                <\/div>\n                <div data-colibri-id=\"69-c8\" class=\"h-x-container style-224 style-local-69-c8 position-relative h-element\">\n                  <!---->\n                  <div class=\"h-x-container-inner style-dynamic-69-c8-group style-224-spacing style-local-69-c8-spacing\"><span class=\"h-button__outer style-225-outer style-local-69-c9-outer d-inline-flex h-element\"><a h-use-smooth-scroll=\"true\" href=\"https:\/\/beg.thueringer-becken.de\/?page_id=1087\"  data-colibri-id=\"69-c9\" class=\"d-flex w-100 align-items-center h-button justify-content-lg-center justify-content-md-center justify-content-center style-225 style-local-69-c9 position-relative\"><!----><!----> <span>Weiter<\/span><\/a>\n                    <\/span>\n                  <\/div>\n                <\/div>\n              <\/div>\n            <\/div>\n          <\/div>\n          <div class=\"h-column h-column-container d-flex h-col-lg-3 h-col-md-3 h-col-12 style-215-outer style-local-69-c10-outer\">\n            <div data-colibri-id=\"69-c10\" class=\"d-flex h-flex-basis h-column__inner h-px-lg-3 h-px-md-3 h-px-2 v-inner-lg-3 v-inner-md-3 v-inner-2 style-215 style-local-69-c10 position-relative\">\n              <!---->\n              <!---->\n              <div class=\"w-100 h-y-container h-column__content h-column__v-align flex-basis-100 align-self-lg-center align-self-md-center align-self-center\">\n                <!---->\n                <div data-colibri-id=\"69-c11\" class=\"h-icon style-216 style-local-69-c11 position-relative h-element\">\n                  <!----><span class=\"h-svg-icon h-icon__icon style-216-icon style-local-69-c11-icon\"><!--Icon by Font Awesome (https:\/\/fontawesome.com)-->\n    <svg version=\"1.1\" xmlns=\"http:\/\/www.w3.org\/2000\/svg\" xmlns:xlink=\"http:\/\/www.w3.org\/1999\/xlink\" id=\"car\" viewBox=\"0 0 2048 1896.0833\">\n      <path d=\"M480 1088q0-66-47-113t-113-47-113 47-47 113 47 113 113 47 113-47 47-113zm36-320h1016l-89-357q-2-8-14-17.5t-21-9.5H640q-9 0-21 9.5T605 411zm1372 320q0-66-47-113t-113-47-113 47-47 113 47 113 113 47 113-47 47-113zm160-96v384q0 14-9 23t-23 9h-96v128q0 80-56 136t-136 56-136-56-56-136v-128H512v128q0 80-56 136t-136 56-136-56-56-136v-128H32q-14 0-23-9t-9-23V992q0-93 65.5-158.5T224 768h28l105-419q23-94 104-157.5T640 128h768q98 0 179 63.5T1691 349l105 419h28q93 0 158.5 65.5T2048 992z\"><\/path>\n    <\/svg><\/span><\/div>\n                <div data-colibri-id=\"69-c12\" class=\"h-global-transition-all h-heading style-217 style-local-69-c12 position-relative h-element\">\n                  <!---->\n                  <div class=\"h-heading__outer style-217 style-local-69-c12\">\n                    <!---->\n                    <!---->\n                    <h6 class=\"\">Mobilit\u00e4tsbonus<\/h6>\n                  <\/div>\n                <\/div>\n                <div data-colibri-id=\"69-c13\" class=\"h-text h-text-component style-218 style-local-69-c13 position-relative h-element\">\n                  <!---->\n                  <!---->\n                  <div class=\"\">\n                    <p>Elektrisch fahren. Regional profitieren.<\/p>\n                  <\/div>\n                <\/div>\n                <div data-colibri-id=\"69-c14\" class=\"h-x-container style-224 style-local-69-c14 position-relative h-element\">\n                  <!---->\n                  <div class=\"h-x-container-inner style-dynamic-69-c14-group style-224-spacing style-local-69-c14-spacing\"><span class=\"h-button__outer style-225-outer style-local-69-c15-outer d-inline-flex h-element\"><a h-use-smooth-scroll=\"true\" href=\"https:\/\/beg.thueringer-becken.de\/?page_id=1770\"  data-colibri-id=\"69-c15\" class=\"d-flex w-100 align-items-center h-button justify-content-lg-center justify-content-md-center justify-content-center style-225 style-local-69-c15 position-relative\"><!----><!----> <span>Weiter<\/span><\/a>\n                    <\/span>\n                  <\/div>\n                <\/div>\n              <\/div>\n            <\/div>\n          <\/div>\n          <div class=\"h-column h-column-container d-flex h-col-lg-3 h-col-md-3 h-col-12 style-215-outer style-local-69-c16-outer\">\n            <div data-colibri-id=\"69-c16\" class=\"d-flex h-flex-basis h-column__inner h-px-lg-3 h-px-md-3 h-px-2 v-inner-lg-3 v-inner-md-3 v-inner-2 style-215 style-local-69-c16 position-relative\">\n              <!---->\n              <!---->\n              <div class=\"w-100 h-y-container h-column__content h-column__v-align flex-basis-100 align-self-lg-center align-self-md-center align-self-center\">\n                <!---->\n                <div data-colibri-id=\"69-c17\" class=\"h-icon style-216 style-local-69-c17 position-relative h-element\">\n                  <!----><span class=\"h-svg-icon h-icon__icon style-216-icon style-local-69-c17-icon\"><!--Icon by Ionicons (https:\/\/ionicons.com)--><svg version=\"1.1\" xmlns=\"http:\/\/www.w3.org\/2000\/svg\" xmlns:xlink=\"http:\/\/www.w3.org\/1999\/xlink\" id=\"android-sunny\" viewBox=\"0 0 448 512\"><path d=\"M224 160c-25 0-50 10-68 28s-28 43-28 68 10 50 28 68 43 28 68 28 50-10 68-28 28-43 28-68-10-50-28-68-43-28-68-28zm21-128v64h-42V32h42zm129 44l30 30-38 38-30-30zM74 76l38 38-30 30-38-38zm150 52c70 0 128 58 128 128s-58 128-128 128S96 326 96 256s58-128 128-128zm224 107v42h-64v-42h64zm-384 0v42H0v-42h64zm302 133l38 38-30 30-38-38zm-284 0l30 30-38 38-30-30zm163 48v64h-42v-64h42z\"><\/path><\/svg><\/span><\/div>\n                <div\n                  data-colibri-id=\"69-c18\" class=\"h-global-transition-all h-heading style-217 style-local-69-c18 position-relative h-element\">\n                  <!---->\n                  <div class=\"h-heading__outer style-217 style-local-69-c18\">\n                    <!---->\n                    <!---->\n                    <h6 class=\"\">Unsere projekte<\/h6>\n                  <\/div>\n              <\/div>\n              <div data-colibri-id=\"69-c19\" class=\"h-text h-text-component style-218 style-local-69-c19 position-relative h-element\">\n                <!---->\n                <!---->\n                <div class=\"\">\n                  <p>Einige unserer Projekte kurz vorgestellt.<\/p>\n                <\/div>\n              <\/div>\n              <div data-colibri-id=\"69-c20\" class=\"h-x-container style-224 style-local-69-c20 position-relative h-element\">\n                <!---->\n                <div class=\"h-x-container-inner style-dynamic-69-c20-group style-224-spacing style-local-69-c20-spacing\"><span class=\"h-button__outer style-225-outer style-local-69-c21-outer d-inline-flex h-element\"><a h-use-smooth-scroll=\"true\" href=\"https:\/\/beg.thueringer-becken.de\/?page_id=44\"  data-colibri-id=\"69-c21\" class=\"d-flex w-100 align-items-center h-button justify-content-lg-center justify-content-md-center justify-content-center style-225 style-local-69-c21 position-relative\"><!----><!----> <span>weiter<\/span><\/a>\n                  <\/span>\n                <\/div>\n              <\/div>\n            <\/div>\n          <\/div>\n        <\/div>\n        <div class=\"h-column h-column-container d-flex h-col-lg-3 h-col-md-3 h-col-12 style-215-outer style-local-69-c22-outer\">\n          <div data-colibri-id=\"69-c22\" class=\"d-flex h-flex-basis h-column__inner h-px-lg-3 h-px-md-3 h-px-2 v-inner-lg-3 v-inner-md-3 v-inner-2 style-215 style-local-69-c22 position-relative\">\n            <!---->\n            <!---->\n            <div class=\"w-100 h-y-container h-column__content h-column__v-align flex-basis-100 align-self-lg-center align-self-md-center align-self-center\">\n              <!---->\n              <div data-colibri-id=\"69-c23\" class=\"h-icon style-216 style-local-69-c23 position-relative h-element\">\n                <!----><span class=\"h-svg-icon h-icon__icon style-216-icon style-local-69-c23-icon\"><!--Icon by Ionicons (https:\/\/ionicons.com)--><svg version=\"1.1\" xmlns=\"http:\/\/www.w3.org\/2000\/svg\" xmlns:xlink=\"http:\/\/www.w3.org\/1999\/xlink\" id=\"android-folder-open\" viewBox=\"0 0 448 512\"><path d=\"M405 144c23 0 43 20 43 43v186c0 23-20 43-43 43H43c-23 0-43-20-43-43V139c0-23 20-43 43-43h138l43 48h181zm11 229V187c0-6-5-11-11-11H32v197c0 6 5 11 11 11h362c6 0 11-5 11-11z\"><\/path><\/svg><\/span><\/div>\n              <div\n                data-colibri-id=\"69-c24\" class=\"h-global-transition-all h-heading style-217 style-local-69-c24 position-relative h-element\">\n                <!---->\n                <div class=\"h-heading__outer style-217 style-local-69-c24\">\n                  <!---->\n                  <!---->\n                  <h6 class=\"\">Unsere Satzung<\/h6>\n                <\/div>\n            <\/div>\n            <div data-colibri-id=\"69-c25\" class=\"h-text h-text-component style-218 style-local-69-c25 position-relative h-element\">\n              <!---->\n              <!---->\n              <div class=\"\">\n                <p>Unsere Satzung vom 06.02.2026&nbsp;<\/p>\n              <\/div>\n            <\/div>\n            <div data-colibri-id=\"69-c26\" class=\"h-x-container style-307 style-local-69-c26 position-relative h-element\">\n              <!---->\n              <div class=\"h-x-container-inner style-dynamic-69-c26-group style-307-spacing style-local-69-c26-spacing\"><span class=\"h-button__outer style-502-outer style-local-69-c27-outer d-inline-flex h-element\"><a h-use-smooth-scroll=\"true\" href=\"https:\/\/beg.thueringer-becken.de\/wp-content\/uploads\/2026\/04\/2026-02-06-Satzung-unterzeichnet.pdf\"  data-colibri-id=\"69-c27\" class=\"d-flex w-100 align-items-center h-button justify-content-lg-center justify-content-md-center justify-content-center style-502 style-local-69-c27 position-relative\"><!----><!----> <span>weiter<\/span><\/a>\n                <\/span>\n              <\/div>\n            <\/div>\n          <\/div>\n        <\/div>\n      <\/div>\n    <\/div>\n  <\/div>\n<\/div>\n<\/div>\n<div data-colibri-component=\"section\" data-colibri-id=\"69-c28\" id=\"content\" class=\"h-section h-section-global-spacing d-flex align-items-lg-center align-items-md-center align-items-center style-202 style-local-69-c28 position-relative\">\n  <!---->\n  <!---->\n  <div class=\"h-section-grid-container h-section-fluid-container\">\n    <!---->\n    <div data-colibri-id=\"69-c29\" class=\"h-row-container gutters-row-lg-0 gutters-row-md-0 gutters-row-2 gutters-row-v-lg-0 gutters-row-v-md-0 gutters-row-v-2 style-203 style-local-69-c29 position-relative\">\n      <!---->\n      <div class=\"h-row justify-content-lg-center justify-content-md-center justify-content-center align-items-lg-stretch align-items-md-stretch align-items-stretch gutters-col-lg-0 gutters-col-md-0 gutters-col-2 gutters-col-v-lg-0 gutters-col-v-md-0 gutters-col-v-2\">\n        <!---->\n        <div class=\"h-column h-column-container d-flex h-col-lg-auto h-col-md-auto h-col-auto style-204-outer style-local-69-c30-outer\">\n          <div data-colibri-id=\"69-c30\" class=\"d-flex h-flex-basis h-column__inner h-px-lg-0 h-px-md-0 h-px-0 v-inner-lg-0 v-inner-md-0 v-inner-0 style-204 style-local-69-c30 position-relative\">\n            <!---->\n            <!---->\n            <div class=\"w-100 h-y-container h-column__content h-column__v-align flex-basis-100 align-self-lg-start align-self-md-start align-self-start\">\n              <!---->\n              <div data-colibri-id=\"69-c31\" class=\"h-global-transition-all h-heading style-206 style-local-69-c31 position-relative h-element\">\n                <!---->\n                <div class=\"h-heading__outer style-206 style-local-69-c31\">\n                  <!---->\n                  <!---->\n                  <h4 class=\"\">Energie f\u00fcr unsere Region. Von B\u00fcrgern, f\u00fcr B\u00fcrger.<\/h4>\n                <\/div>\n              <\/div>\n              <div data-colibri-id=\"69-c32\" class=\"h-text h-text-component style-207 style-local-69-c32 position-relative h-element\">\n                <!---->\n                <!---->\n                <div class=\"\">\n                  <p>Die B\u00fcrgerenergiegenossenschaft Th\u00fcringer Becken eG verbindet Menschen, Kommunen und Unternehmen. Mit unseren Projekten schaffen wir regionale Wertsch\u00f6pfung und sichern die Daseinsvorsorge. Werden Sie Teil dieser Bewegung und investieren\n                    Sie in eine lebenswerte Zukunft \u2013 direkt hier im Th\u00fcringer Becken.<\/p>\n                <\/div>\n              <\/div>\n            <\/div>\n          <\/div>\n        <\/div>\n        <div class=\"h-column h-column-container d-flex h-col-lg-auto h-col-md-auto h-col-auto style-212-outer style-local-69-c33-outer\">\n          <div data-colibri-id=\"69-c33\" class=\"d-flex h-flex-basis h-column__inner h-ui-empty-state-container h-px-lg-0 h-px-md-0 h-px-0 v-inner-lg-0 v-inner-md-0 v-inner-0 style-212 style-local-69-c33 position-relative\">\n            <!---->\n            <!---->\n            <div class=\"w-100 h-y-container h-column__content h-column__v-align flex-basis-100\">\n              <!---->\n            <\/div>\n          <\/div>\n        <\/div>\n      <\/div>\n    <\/div>\n  <\/div>\n<\/div>\n<\/div>","protected":false},"excerpt":{"rendered":"<p>Unser Strom Strom ab 19 Cent pro kWh. Weiter Mobilit\u00e4tsbonus Elektrisch fahren. Regional profitieren. Weiter Unsere projekte Einige unserer Projekte kurz vorgestellt. weiter Unsere Satzung Unsere Satzung vom 06.02.2026&nbsp; weiter Energie f\u00fcr unsere Region. Von B\u00fcrgern, f\u00fcr B\u00fcrger. Die B\u00fcrgerenergiegenossenschaft Th\u00fcringer Becken eG verbindet Menschen, Kommunen und Unternehmen. Mit unseren Projekten schaffen wir regionale Wertsch\u00f6pfung [&hellip;]<\/p>\n","protected":false},"author":2,"featured_media":0,"parent":0,"menu_order":0,"comment_status":"closed","ping_status":"closed","template":"page-templates\/homepage.php","meta":{"footnotes":""},"class_list":["post-69","page","type-page","status-publish","hentry"],"jetpack_sharing_enabled":true,"_links":{"self":[{"href":"https:\/\/beg.thueringer-becken.de\/index.php?rest_route=\/wp\/v2\/pages\/69","targetHints":{"allow":["GET"]}}],"collection":[{"href":"https:\/\/beg.thueringer-becken.de\/index.php?rest_route=\/wp\/v2\/pages"}],"about":[{"href":"https:\/\/beg.thueringer-becken.de\/index.php?rest_route=\/wp\/v2\/types\/page"}],"author":[{"embeddable":true,"href":"https:\/\/beg.thueringer-becken.de\/index.php?rest_route=\/wp\/v2\/users\/2"}],"replies":[{"embeddable":true,"href":"https:\/\/beg.thueringer-becken.de\/index.php?rest_route=%2Fwp%2Fv2%2Fcomments&post=69"}],"version-history":[{"count":20,"href":"https:\/\/beg.thueringer-becken.de\/index.php?rest_route=\/wp\/v2\/pages\/69\/revisions"}],"predecessor-version":[{"id":1919,"href":"https:\/\/beg.thueringer-becken.de\/index.php?rest_route=\/wp\/v2\/pages\/69\/revisions\/1919"}],"wp:attachment":[{"href":"https:\/\/beg.thueringer-becken.de\/index.php?rest_route=%2Fwp%2Fv2%2Fmedia&parent=69"}],"curies":[{"name":"wp","href":"https:\/\/api.w.org\/{rel}","templated":true}]}}